{"id":2305,"date":"2013-07-10T12:30:57","date_gmt":"2013-07-10T10:30:57","guid":{"rendered":"http:\/\/foedus.pixelwald.de\/?page_id=2305"},"modified":"2022-04-20T16:03:25","modified_gmt":"2022-04-20T14:03:25","slug":"faq","status":"publish","type":"page","link":"https:\/\/foedus-personaldienste.de\/index.php\/faq\/","title":{"rendered":"FAQs"},"content":{"rendered":"<p><div class=\"fusion-fullwidth fullwidth-box fusion-builder-row-1 nonhundred-percent-fullwidth non-hundred-percent-height-scrolling\" style=\"--awb-border-radius-top-left:0px;--awb-border-radius-top-right:0px;--awb-border-radius-bottom-right:0px;--awb-border-radius-bottom-left:0px;--awb-flex-wrap:wrap;\" ><div class=\"fusion-builder-row fusion-row\"><div class=\"fusion-layout-column fusion_builder_column fusion-builder-column-0 fusion_builder_column_1_6 1_6 fusion-one-sixth fusion-column-first\" style=\"--awb-bg-size:cover;width:16.6666666667%;width:calc(16.6666666667% - ( ( 4% ) * 0.166666666667 ) );margin-right: 4%;\"><div class=\"fusion-column-wrapper fusion-flex-column-wrapper-legacy\"><div class=\"fusion-sep-clear\"><\/div><div class=\"fusion-separator fusion-full-width-sep\" style=\"margin-left: auto;margin-right: auto;margin-top:40px;width:100%;\"><\/div><div class=\"fusion-sep-clear\"><\/div><div class=\"fusion-fa-align-center\"><i class=\"fb-icon-element-1 fb-icon-element fontawesome-icon fa fa-comments circle-no\" style=\"--awb-iconcolor:#e88f12;--awb-iconcolor-hover:#e88f12;--awb-font-size:40px;\"><\/i><\/div><div class=\"fusion-clearfix\"><\/div><\/div><\/div><div class=\"fusion-layout-column fusion_builder_column fusion-builder-column-1 fusion_builder_column_5_6 5_6 fusion-five-sixth fusion-column-last\" style=\"--awb-bg-size:cover;width:83.3333333333%;width:calc(83.3333333333% - ( ( 4% ) * 0.833333333333 ) );\"><div class=\"fusion-column-wrapper fusion-flex-column-wrapper-legacy\"><div class=\"fusion-text fusion-text-1\" style=\"--awb-text-transform:none;\"><h4 id=\"a1\">Warum bei uns?<\/h4>\n<p><strong>foedus<\/strong> h\u00e4lt sich an alle Gesetze und tariflichen Vereinbarungen. Seri\u00f6ses kaufm\u00e4nnisches Handeln bestimmt unsere t\u00e4gliche Arbeit und unsere strategischen Entscheidungen. <strong>foedus<\/strong> ist immer ein zuverl\u00e4ssiger Partner und verpflichtet sich in seiner t\u00e4glichen Arbeit h\u00f6chstm\u00f6gliche Sicherheit f\u00fcr das Leben und die Gesundheit seiner MitarbeiterInnen zu gew\u00e4hrleisten.<\/p>\n<\/div><div class=\"fusion-clearfix\"><\/div><\/div><\/div><\/div><\/div><div class=\"fusion-fullwidth fullwidth-box fusion-builder-row-2 nonhundred-percent-fullwidth non-hundred-percent-height-scrolling\" style=\"--awb-border-radius-top-left:0px;--awb-border-radius-top-right:0px;--awb-border-radius-bottom-right:0px;--awb-border-radius-bottom-left:0px;--awb-flex-wrap:wrap;\" ><div class=\"fusion-builder-row fusion-row\"><div class=\"fusion-layout-column fusion_builder_column fusion-builder-column-2 fusion_builder_column_1_6 1_6 fusion-one-sixth fusion-column-first\" style=\"--awb-bg-size:cover;width:16.6666666667%;width:calc(16.6666666667% - ( ( 4% ) * 0.166666666667 ) );margin-right: 4%;\"><div class=\"fusion-column-wrapper fusion-flex-column-wrapper-legacy\"><div class=\"fusion-sep-clear\"><\/div><div class=\"fusion-separator fusion-full-width-sep\" style=\"margin-left: auto;margin-right: auto;margin-top:40px;width:100%;\"><\/div><div class=\"fusion-sep-clear\"><\/div><div class=\"fusion-fa-align-center\"><i class=\"fb-icon-element-2 fb-icon-element fontawesome-icon fa fa-comments circle-no\" style=\"--awb-iconcolor:#e88f12;--awb-iconcolor-hover:#e88f12;--awb-font-size:40px;\"><\/i><\/div><div class=\"fusion-clearfix\"><\/div><\/div><\/div><div class=\"fusion-layout-column fusion_builder_column fusion-builder-column-3 fusion_builder_column_5_6 5_6 fusion-five-sixth fusion-column-last\" style=\"--awb-bg-size:cover;width:83.3333333333%;width:calc(83.3333333333% - ( ( 4% ) * 0.833333333333 ) );\"><div class=\"fusion-column-wrapper fusion-flex-column-wrapper-legacy\"><div class=\"fusion-text fusion-text-2\" style=\"--awb-text-transform:none;\"><h4 id=\"a2\">Wie gestalte ich eine erfolgreiche Bewerbung?<\/h4>\n<p>Ein \u00fcbersichtlicher Lebenslauf mit Foto und alle relevanten Zeugnisse. Weitere Praxistipps f\u00fcr eine erfolgreiche Bewerbung und Stellensuche hat Ihre Agentur f\u00fcr Arbeit zusammengestellt. N\u00e4heres dazu finden Sie <a href=\"https:\/\/www.arbeitsagentur.de\/erfolgreich-bewerben\/bewerbung-schreiben#:~:text=Tipps%20zum%20Anschreiben%3A,Messe%20oder%20eine%20pers%C3%B6nliche%20Empfehlung.\" target=\"_blank\" rel=\"noopener\">hier!<\/a><\/p>\n<\/div><div class=\"fusion-clearfix\"><\/div><\/div><\/div><\/div><\/div><div class=\"fusion-fullwidth fullwidth-box fusion-builder-row-3 nonhundred-percent-fullwidth non-hundred-percent-height-scrolling\" style=\"--awb-border-radius-top-left:0px;--awb-border-radius-top-right:0px;--awb-border-radius-bottom-right:0px;--awb-border-radius-bottom-left:0px;--awb-flex-wrap:wrap;\" ><div class=\"fusion-builder-row fusion-row\"><div class=\"fusion-layout-column fusion_builder_column fusion-builder-column-4 fusion_builder_column_1_6 1_6 fusion-one-sixth fusion-column-first\" style=\"--awb-bg-size:cover;width:16.6666666667%;width:calc(16.6666666667% - ( ( 4% ) * 0.166666666667 ) );margin-right: 4%;\"><div class=\"fusion-column-wrapper fusion-flex-column-wrapper-legacy\"><div class=\"fusion-sep-clear\"><\/div><div class=\"fusion-separator fusion-full-width-sep\" style=\"margin-left: auto;margin-right: auto;margin-top:40px;width:100%;\"><\/div><div class=\"fusion-sep-clear\"><\/div><div class=\"fusion-fa-align-center\"><i class=\"fb-icon-element-3 fb-icon-element fontawesome-icon fa fa-comments circle-no\" style=\"--awb-iconcolor:#e88f12;--awb-iconcolor-hover:#e88f12;--awb-font-size:40px;\"><\/i><\/div><div class=\"fusion-clearfix\"><\/div><\/div><\/div><div class=\"fusion-layout-column fusion_builder_column fusion-builder-column-5 fusion_builder_column_5_6 5_6 fusion-five-sixth fusion-column-last\" style=\"--awb-bg-size:cover;width:83.3333333333%;width:calc(83.3333333333% - ( ( 4% ) * 0.833333333333 ) );\"><div class=\"fusion-column-wrapper fusion-flex-column-wrapper-legacy\"><div class=\"fusion-text fusion-text-3\" style=\"--awb-text-transform:none;\"><h4 id=\"a3\">Wo finden die Bewerbungsgespr\u00e4che statt?<\/h4>\n<p>Bevor das Bewerbungsgespr\u00e4ch stattfindet, werden Sie ausf\u00fchrlich \u00fcber den Ort, Uhrzeit und AnsprechpartnerIn informiert. Wenn Sie dazu weitere Fragen haben, k\u00f6nnen Sie sich jeder Zeit an uns wenden. Ob per <a href=\"https:\/\/foedus-personaldienste.de\/index.php\/kontakt\/\">Telefon, E-mail oder Kontaktformular.<\/a><\/p>\n<\/div><div class=\"fusion-clearfix\"><\/div><\/div><\/div><\/div><\/div><div class=\"fusion-fullwidth fullwidth-box fusion-builder-row-4 nonhundred-percent-fullwidth non-hundred-percent-height-scrolling\" style=\"--awb-border-radius-top-left:0px;--awb-border-radius-top-right:0px;--awb-border-radius-bottom-right:0px;--awb-border-radius-bottom-left:0px;--awb-flex-wrap:wrap;\" ><div class=\"fusion-builder-row fusion-row\"><div class=\"fusion-layout-column fusion_builder_column fusion-builder-column-6 fusion_builder_column_1_6 1_6 fusion-one-sixth fusion-column-first\" style=\"--awb-bg-size:cover;width:16.6666666667%;width:calc(16.6666666667% - ( ( 4% ) * 0.166666666667 ) );margin-right: 4%;\"><div class=\"fusion-column-wrapper fusion-flex-column-wrapper-legacy\"><div class=\"fusion-sep-clear\"><\/div><div class=\"fusion-separator fusion-full-width-sep\" style=\"margin-left: auto;margin-right: auto;margin-top:40px;width:100%;\"><\/div><div class=\"fusion-sep-clear\"><\/div><div class=\"fusion-fa-align-center\"><i class=\"fb-icon-element-4 fb-icon-element fontawesome-icon fa fa-comments circle-no\" style=\"--awb-iconcolor:#e88f12;--awb-iconcolor-hover:#e88f12;--awb-font-size:40px;\"><\/i><\/div><div class=\"fusion-clearfix\"><\/div><\/div><\/div><div class=\"fusion-layout-column fusion_builder_column fusion-builder-column-7 fusion_builder_column_5_6 5_6 fusion-five-sixth fusion-column-last\" style=\"--awb-bg-size:cover;width:83.3333333333%;width:calc(83.3333333333% - ( ( 4% ) * 0.833333333333 ) );\"><div class=\"fusion-column-wrapper fusion-flex-column-wrapper-legacy\"><div class=\"fusion-text fusion-text-4\" style=\"--awb-text-transform:none;\"><h4 id=\"a4\">Was ist Arbeitnehmer\u00fcberlassung?<\/h4>\n<p>Bei einer Arbeitnehmer\u00fcberlassung, auch Zeitarbeit oder Leiharbeit genannt, wird ein\/e ArbeitnehmerIn von seinem\/seiner ArbeitgeberIn entliehen. Es entsteht eine Dreiecksbeziehung &#8211; Rechte und Pflichten der ArbeitgeberInnen werden teilweise auf den Dritten (EntleiherIn) \u00fcbertragen. Weitere Infos dazu finden Sie auf der Seite der <a href=\"https:\/\/www.arbeitsagentur.de\/unternehmen\/personalfragen\/arbeitnehmerueberlassung#:~:text=Zeitarbeit%2C%20Leiharbeit%20oder%20Arbeitnehmer%C3%BCberlassung%20bedeutet,Verleiher%2C%20der%20Dritte%20zum%20Entleiher.\" target=\"_blank\" rel=\"noopener\">Agentur f\u00fcr Arbeit<\/a>.<\/p>\n<\/div><div class=\"fusion-clearfix\"><\/div><\/div><\/div><\/div><\/div><div class=\"fusion-fullwidth fullwidth-box fusion-builder-row-5 nonhundred-percent-fullwidth non-hundred-percent-height-scrolling\" style=\"--awb-border-radius-top-left:0px;--awb-border-radius-top-right:0px;--awb-border-radius-bottom-right:0px;--awb-border-radius-bottom-left:0px;--awb-flex-wrap:wrap;\" ><div class=\"fusion-builder-row fusion-row\"><div class=\"fusion-layout-column fusion_builder_column fusion-builder-column-8 fusion_builder_column_1_6 1_6 fusion-one-sixth fusion-column-first\" style=\"--awb-bg-size:cover;width:16.6666666667%;width:calc(16.6666666667% - ( ( 4% ) * 0.166666666667 ) );margin-right: 4%;\"><div class=\"fusion-column-wrapper fusion-flex-column-wrapper-legacy\"><div class=\"fusion-sep-clear\"><\/div><div class=\"fusion-separator fusion-full-width-sep\" style=\"margin-left: auto;margin-right: auto;margin-top:40px;width:100%;\"><\/div><div class=\"fusion-sep-clear\"><\/div><div class=\"fusion-fa-align-center\"><i class=\"fb-icon-element-5 fb-icon-element fontawesome-icon fa fa-comments circle-no\" style=\"--awb-iconcolor:#e88f12;--awb-iconcolor-hover:#e88f12;--awb-font-size:40px;\"><\/i><\/div><div class=\"fusion-clearfix\"><\/div><\/div><\/div><div class=\"fusion-layout-column fusion_builder_column fusion-builder-column-9 fusion_builder_column_5_6 5_6 fusion-five-sixth fusion-column-last\" style=\"--awb-bg-size:cover;width:83.3333333333%;width:calc(83.3333333333% - ( ( 4% ) * 0.833333333333 ) );\"><div class=\"fusion-column-wrapper fusion-flex-column-wrapper-legacy\"><div class=\"fusion-text fusion-text-5\" style=\"--awb-text-transform:none;\"><h4 id=\"a6\">Gibt es eine betriebliche Altersvorsorge?<\/h4>\n<p>Ja, es gibt eine betriebliche Altersvorsorge. Informieren Sie sich direkt bei uns, wenn Sie weitere Fragen zum Thema Vorsorge haben. Wir helfen Ihnen gerne weiter.<\/p>\n<\/div><div class=\"fusion-clearfix\"><\/div><\/div><\/div><\/div><\/div><div class=\"fusion-fullwidth fullwidth-box fusion-builder-row-6 nonhundred-percent-fullwidth non-hundred-percent-height-scrolling\" style=\"--awb-border-radius-top-left:0px;--awb-border-radius-top-right:0px;--awb-border-radius-bottom-right:0px;--awb-border-radius-bottom-left:0px;--awb-flex-wrap:wrap;\" ><div class=\"fusion-builder-row fusion-row\"><div class=\"fusion-layout-column fusion_builder_column fusion-builder-column-10 fusion_builder_column_1_6 1_6 fusion-one-sixth fusion-column-first\" style=\"--awb-bg-size:cover;width:16.6666666667%;width:calc(16.6666666667% - ( ( 4% ) * 0.166666666667 ) );margin-right: 4%;\"><div class=\"fusion-column-wrapper fusion-flex-column-wrapper-legacy\"><div class=\"fusion-sep-clear\"><\/div><div class=\"fusion-separator fusion-full-width-sep\" style=\"margin-left: auto;margin-right: auto;margin-top:40px;width:100%;\"><\/div><div class=\"fusion-sep-clear\"><\/div><div class=\"fusion-fa-align-center\"><i class=\"fb-icon-element-6 fb-icon-element fontawesome-icon fa fa-comments circle-no\" style=\"--awb-iconcolor:#e88f12;--awb-iconcolor-hover:#e88f12;--awb-font-size:40px;\"><\/i><\/div><div class=\"fusion-clearfix\"><\/div><\/div><\/div><div class=\"fusion-layout-column fusion_builder_column fusion-builder-column-11 fusion_builder_column_5_6 5_6 fusion-five-sixth fusion-column-last\" style=\"--awb-bg-size:cover;width:83.3333333333%;width:calc(83.3333333333% - ( ( 4% ) * 0.833333333333 ) );\"><div class=\"fusion-column-wrapper fusion-flex-column-wrapper-legacy\"><div class=\"fusion-text fusion-text-6\" style=\"--awb-text-transform:none;\"><h4 id=\"a7\">Was sind Branchenzuschl\u00e4ge?<\/h4>\n<p>Hierbei geht es um die Zusammenfassung von Einkommensunterschieden zwischen der Stammbelegschaft der jeweiligen Unternehmen und ihren externen ZeitarbeitnehmerInnen. Hintergrund ist gleiche Arbeit, gleiches Gehalt.<\/p>\n<\/div><div class=\"fusion-clearfix\"><\/div><\/div><\/div><\/div><\/div><\/p>\n","protected":false},"excerpt":{"rendered":"","protected":false},"author":1,"featured_media":5206,"parent":0,"menu_order":0,"comment_status":"closed","ping_status":"closed","template":"","meta":{"footnotes":""},"class_list":["post-2305","page","type-page","status-publish","has-post-thumbnail","hentry"],"_links":{"self":[{"href":"https:\/\/foedus-personaldienste.de\/index.php\/wp-json\/wp\/v2\/pages\/2305","targetHints":{"allow":["GET"]}}],"collection":[{"href":"https:\/\/foedus-personaldienste.de\/index.php\/wp-json\/wp\/v2\/pages"}],"about":[{"href":"https:\/\/foedus-personaldienste.de\/index.php\/wp-json\/wp\/v2\/types\/page"}],"author":[{"embeddable":true,"href":"https:\/\/foedus-personaldienste.de\/index.php\/wp-json\/wp\/v2\/users\/1"}],"replies":[{"embeddable":true,"href":"https:\/\/foedus-personaldienste.de\/index.php\/wp-json\/wp\/v2\/comments?post=2305"}],"version-history":[{"count":0,"href":"https:\/\/foedus-personaldienste.de\/index.php\/wp-json\/wp\/v2\/pages\/2305\/revisions"}],"wp:featuredmedia":[{"embeddable":true,"href":"https:\/\/foedus-personaldienste.de\/index.php\/wp-json\/wp\/v2\/media\/5206"}],"wp:attachment":[{"href":"https:\/\/foedus-personaldienste.de\/index.php\/wp-json\/wp\/v2\/media?parent=2305"}],"curies":[{"name":"wp","href":"https:\/\/api.w.org\/{rel}","templated":true}]}}

<p><div class="fusion-fullwidth fullwidth-box fusion-builder-row-1 nonhundred-percent-fullwidth non-hundred-percent-height-scrolling" style="--awb-border-radius-top-left:0px;--awb-border-radius-top-right:0px;--awb-border-radius-bottom-right:0px;--awb-border-radius-bottom-left:0px;--awb-flex-wrap:wrap;" ><div class="fusion-builder-row fusion-row"><div class="fusion-layout-column fusion_builder_column fusion-builder-column-0 fusion_builder_column_1_6 1_6 fusion-one-sixth fusion-column-first" style="--awb-bg-size:cover;width:16.6666666667%;width:calc(16.6666666667% - ( ( 4% ) * 0.166666666667 ) );margin-right: 4%;"><div class="fusion-column-wrapper fusion-flex-column-wrapper-legacy"><div class="fusion-sep-clear"></div><div class="fusion-separator fusion-full-width-sep" style="margin-left: auto;margin-right: auto;margin-top:40px;width:100%;"></div><div class="fusion-sep-clear"></div><div class="fusion-fa-align-center"><i class="fb-icon-element-1 fb-icon-element fontawesome-icon fa fa-comments circle-no" style="--awb-iconcolor:#e88f12;--awb-iconcolor-hover:#e88f12;--awb-font-size:40px;"></i></div><div class="fusion-clearfix"></div></div></div><div class="fusion-layout-column fusion_builder_column fusion-builder-column-1 fusion_builder_column_5_6 5_6 fusion-five-sixth fusion-column-last" style="--awb-bg-size:cover;width:83.3333333333%;width:calc(83.3333333333% - ( ( 4% ) * 0.833333333333 ) );"><div class="fusion-column-wrapper fusion-flex-column-wrapper-legacy"><div class="fusion-text fusion-text-1" style="--awb-text-transform:none;"><h4 id="a1">Warum bei uns?</h4>
<p><strong>foedus</strong> hält sich an alle Gesetze und tariflichen Vereinbarungen. Seriöses kaufmännisches Handeln bestimmt unsere tägliche Arbeit und unsere strategischen Entscheidungen. <strong>foedus</strong> ist immer ein zuverlässiger Partner und verpflichtet sich in seiner täglichen Arbeit höchstmögliche Sicherheit für das Leben und die Gesundheit seiner MitarbeiterInnen zu gewährleisten.</p>
</div><div class="fusion-clearfix"></div></div></div></div></div><div class="fusion-fullwidth fullwidth-box fusion-builder-row-2 nonhundred-percent-fullwidth non-hundred-percent-height-scrolling" style="--awb-border-radius-top-left:0px;--awb-border-radius-top-right:0px;--awb-border-radius-bottom-right:0px;--awb-border-radius-bottom-left:0px;--awb-flex-wrap:wrap;" ><div class="fusion-builder-row fusion-row"><div class="fusion-layout-column fusion_builder_column fusion-builder-column-2 fusion_builder_column_1_6 1_6 fusion-one-sixth fusion-column-first" style="--awb-bg-size:cover;width:16.6666666667%;width:calc(16.6666666667% - ( ( 4% ) * 0.166666666667 ) );margin-right: 4%;"><div class="fusion-column-wrapper fusion-flex-column-wrapper-legacy"><div class="fusion-sep-clear"></div><div class="fusion-separator fusion-full-width-sep" style="margin-left: auto;margin-right: auto;margin-top:40px;width:100%;"></div><div class="fusion-sep-clear"></div><div class="fusion-fa-align-center"><i class="fb-icon-element-2 fb-icon-element fontawesome-icon fa fa-comments circle-no" style="--awb-iconcolor:#e88f12;--awb-iconcolor-hover:#e88f12;--awb-font-size:40px;"></i></div><div class="fusion-clearfix"></div></div></div><div class="fusion-layout-column fusion_builder_column fusion-builder-column-3 fusion_builder_column_5_6 5_6 fusion-five-sixth fusion-column-last" style="--awb-bg-size:cover;width:83.3333333333%;width:calc(83.3333333333% - ( ( 4% ) * 0.833333333333 ) );"><div class="fusion-column-wrapper fusion-flex-column-wrapper-legacy"><div class="fusion-text fusion-text-2" style="--awb-text-transform:none;"><h4 id="a2">Wie gestalte ich eine erfolgreiche Bewerbung?</h4>
<p>Ein übersichtlicher Lebenslauf mit Foto und alle relevanten Zeugnisse. Weitere Praxistipps für eine erfolgreiche Bewerbung und Stellensuche hat Ihre Agentur für Arbeit zusammengestellt. Näheres dazu finden Sie <a href="https://www.arbeitsagentur.de/erfolgreich-bewerben/bewerbung-schreiben#:~:text=Tipps%20zum%20Anschreiben%3A,Messe%20oder%20eine%20pers%C3%B6nliche%20Empfehlung." target="_blank" rel="noopener">hier!</a></p>
</div><div class="fusion-clearfix"></div></div></div></div></div><div class="fusion-fullwidth fullwidth-box fusion-builder-row-3 nonhundred-percent-fullwidth non-hundred-percent-height-scrolling" style="--awb-border-radius-top-left:0px;--awb-border-radius-top-right:0px;--awb-border-radius-bottom-right:0px;--awb-border-radius-bottom-left:0px;--awb-flex-wrap:wrap;" ><div class="fusion-builder-row fusion-row"><div class="fusion-layout-column fusion_builder_column fusion-builder-column-4 fusion_builder_column_1_6 1_6 fusion-one-sixth fusion-column-first" style="--awb-bg-size:cover;width:16.6666666667%;width:calc(16.6666666667% - ( ( 4% ) * 0.166666666667 ) );margin-right: 4%;"><div class="fusion-column-wrapper fusion-flex-column-wrapper-legacy"><div class="fusion-sep-clear"></div><div class="fusion-separator fusion-full-width-sep" style="margin-left: auto;margin-right: auto;margin-top:40px;width:100%;"></div><div class="fusion-sep-clear"></div><div class="fusion-fa-align-center"><i class="fb-icon-element-3 fb-icon-element fontawesome-icon fa fa-comments circle-no" style="--awb-iconcolor:#e88f12;--awb-iconcolor-hover:#e88f12;--awb-font-size:40px;"></i></div><div class="fusion-clearfix"></div></div></div><div class="fusion-layout-column fusion_builder_column fusion-builder-column-5 fusion_builder_column_5_6 5_6 fusion-five-sixth fusion-column-last" style="--awb-bg-size:cover;width:83.3333333333%;width:calc(83.3333333333% - ( ( 4% ) * 0.833333333333 ) );"><div class="fusion-column-wrapper fusion-flex-column-wrapper-legacy"><div class="fusion-text fusion-text-3" style="--awb-text-transform:none;"><h4 id="a3">Wo finden die Bewerbungsgespräche statt?</h4>
<p>Bevor das Bewerbungsgespräch stattfindet, werden Sie ausführlich über den Ort, Uhrzeit und AnsprechpartnerIn informiert. Wenn Sie dazu weitere Fragen haben, können Sie sich jeder Zeit an uns wenden. Ob per <a href="https://foedus-personaldienste.de/index.php/kontakt/">Telefon, E-mail oder Kontaktformular.</a></p>
</div><div class="fusion-clearfix"></div></div></div></div></div><div class="fusion-fullwidth fullwidth-box fusion-builder-row-4 nonhundred-percent-fullwidth non-hundred-percent-height-scrolling" style="--awb-border-radius-top-left:0px;--awb-border-radius-top-right:0px;--awb-border-radius-bottom-right:0px;--awb-border-radius-bottom-left:0px;--awb-flex-wrap:wrap;" ><div class="fusion-builder-row fusion-row"><div class="fusion-layout-column fusion_builder_column fusion-builder-column-6 fusion_builder_column_1_6 1_6 fusion-one-sixth fusion-column-first" style="--awb-bg-size:cover;width:16.6666666667%;width:calc(16.6666666667% - ( ( 4% ) * 0.166666666667 ) );margin-right: 4%;"><div class="fusion-column-wrapper fusion-flex-column-wrapper-legacy"><div class="fusion-sep-clear"></div><div class="fusion-separator fusion-full-width-sep" style="margin-left: auto;margin-right: auto;margin-top:40px;width:100%;"></div><div class="fusion-sep-clear"></div><div class="fusion-fa-align-center"><i class="fb-icon-element-4 fb-icon-element fontawesome-icon fa fa-comments circle-no" style="--awb-iconcolor:#e88f12;--awb-iconcolor-hover:#e88f12;--awb-font-size:40px;"></i></div><div class="fusion-clearfix"></div></div></div><div class="fusion-layout-column fusion_builder_column fusion-builder-column-7 fusion_builder_column_5_6 5_6 fusion-five-sixth fusion-column-last" style="--awb-bg-size:cover;width:83.3333333333%;width:calc(83.3333333333% - ( ( 4% ) * 0.833333333333 ) );"><div class="fusion-column-wrapper fusion-flex-column-wrapper-legacy"><div class="fusion-text fusion-text-4" style="--awb-text-transform:none;"><h4 id="a4">Was ist Arbeitnehmerüberlassung?</h4>
<p>Bei einer Arbeitnehmerüberlassung, auch Zeitarbeit oder Leiharbeit genannt, wird ein/e ArbeitnehmerIn von seinem/seiner ArbeitgeberIn entliehen. Es entsteht eine Dreiecksbeziehung &#8211; Rechte und Pflichten der ArbeitgeberInnen werden teilweise auf den Dritten (EntleiherIn) übertragen. Weitere Infos dazu finden Sie auf der Seite der <a href="https://www.arbeitsagentur.de/unternehmen/personalfragen/arbeitnehmerueberlassung#:~:text=Zeitarbeit%2C%20Leiharbeit%20oder%20Arbeitnehmer%C3%BCberlassung%20bedeutet,Verleiher%2C%20der%20Dritte%20zum%20Entleiher." target="_blank" rel="noopener">Agentur für Arbeit</a>.</p>
</div><div class="fusion-clearfix"></div></div></div></div></div><div class="fusion-fullwidth fullwidth-box fusion-builder-row-5 nonhundred-percent-fullwidth non-hundred-percent-height-scrolling" style="--awb-border-radius-top-left:0px;--awb-border-radius-top-right:0px;--awb-border-radius-bottom-right:0px;--awb-border-radius-bottom-left:0px;--awb-flex-wrap:wrap;" ><div class="fusion-builder-row fusion-row"><div class="fusion-layout-column fusion_builder_column fusion-builder-column-8 fusion_builder_column_1_6 1_6 fusion-one-sixth fusion-column-first" style="--awb-bg-size:cover;width:16.6666666667%;width:calc(16.6666666667% - ( ( 4% ) * 0.166666666667 ) );margin-right: 4%;"><div class="fusion-column-wrapper fusion-flex-column-wrapper-legacy"><div class="fusion-sep-clear"></div><div class="fusion-separator fusion-full-width-sep" style="margin-left: auto;margin-right: auto;margin-top:40px;width:100%;"></div><div class="fusion-sep-clear"></div><div class="fusion-fa-align-center"><i class="fb-icon-element-5 fb-icon-element fontawesome-icon fa fa-comments circle-no" style="--awb-iconcolor:#e88f12;--awb-iconcolor-hover:#e88f12;--awb-font-size:40px;"></i></div><div class="fusion-clearfix"></div></div></div><div class="fusion-layout-column fusion_builder_column fusion-builder-column-9 fusion_builder_column_5_6 5_6 fusion-five-sixth fusion-column-last" style="--awb-bg-size:cover;width:83.3333333333%;width:calc(83.3333333333% - ( ( 4% ) * 0.833333333333 ) );"><div class="fusion-column-wrapper fusion-flex-column-wrapper-legacy"><div class="fusion-text fusion-text-5" style="--awb-text-transform:none;"><h4 id="a6">Gibt es eine betriebliche Altersvorsorge?</h4>
<p>Ja, es gibt eine betriebliche Altersvorsorge. Informieren Sie sich direkt bei uns, wenn Sie weitere Fragen zum Thema Vorsorge haben. Wir helfen Ihnen gerne weiter.</p>
</div><div class="fusion-clearfix"></div></div></div></div></div><div class="fusion-fullwidth fullwidth-box fusion-builder-row-6 nonhundred-percent-fullwidth non-hundred-percent-height-scrolling" style="--awb-border-radius-top-left:0px;--awb-border-radius-top-right:0px;--awb-border-radius-bottom-right:0px;--awb-border-radius-bottom-left:0px;--awb-flex-wrap:wrap;" ><div class="fusion-builder-row fusion-row"><div class="fusion-layout-column fusion_builder_column fusion-builder-column-10 fusion_builder_column_1_6 1_6 fusion-one-sixth fusion-column-first" style="--awb-bg-size:cover;width:16.6666666667%;width:calc(16.6666666667% - ( ( 4% ) * 0.166666666667 ) );margin-right: 4%;"><div class="fusion-column-wrapper fusion-flex-column-wrapper-legacy"><div class="fusion-sep-clear"></div><div class="fusion-separator fusion-full-width-sep" style="margin-left: auto;margin-right: auto;margin-top:40px;width:100%;"></div><div class="fusion-sep-clear"></div><div class="fusion-fa-align-center"><i class="fb-icon-element-6 fb-icon-element fontawesome-icon fa fa-comments circle-no" style="--awb-iconcolor:#e88f12;--awb-iconcolor-hover:#e88f12;--awb-font-size:40px;"></i></div><div class="fusion-clearfix"></div></div></div><div class="fusion-layout-column fusion_builder_column fusion-builder-column-11 fusion_builder_column_5_6 5_6 fusion-five-sixth fusion-column-last" style="--awb-bg-size:cover;width:83.3333333333%;width:calc(83.3333333333% - ( ( 4% ) * 0.833333333333 ) );"><div class="fusion-column-wrapper fusion-flex-column-wrapper-legacy"><div class="fusion-text fusion-text-6" style="--awb-text-transform:none;"><h4 id="a7">Was sind Branchenzuschläge?</h4>
<p>Hierbei geht es um die Zusammenfassung von Einkommensunterschieden zwischen der Stammbelegschaft der jeweiligen Unternehmen und ihren externen ZeitarbeitnehmerInnen. Hintergrund ist gleiche Arbeit, gleiches Gehalt.</p>
</div><div class="fusion-clearfix"></div></div></div></div></div></p>
