{"id":2517,"date":"2013-07-18T09:56:56","date_gmt":"2013-07-18T07:56:56","guid":{"rendered":"http:\/\/foedus.pixelwald.de\/?page_id=2517"},"modified":"2022-04-20T16:07:39","modified_gmt":"2022-04-20T14:07:39","slug":"unternehmen","status":"publish","type":"page","link":"https:\/\/foedus-personaldienste.de\/index.php\/unternehmen\/","title":{"rendered":"F\u00fcr Unternehmen"},"content":{"rendered":"<p><div class=\"fusion-fullwidth fullwidth-box fusion-builder-row-1 nonhundred-percent-fullwidth non-hundred-percent-height-scrolling\" style=\"--awb-border-radius-top-left:0px;--awb-border-radius-top-right:0px;--awb-border-radius-bottom-right:0px;--awb-border-radius-bottom-left:0px;--awb-flex-wrap:wrap;\" ><div class=\"fusion-builder-row fusion-row\"><div class=\"fusion-layout-column fusion_builder_column fusion-builder-column-0 fusion_builder_column_1_1 1_1 fusion-one-full fusion-column-first fusion-column-last\" style=\"--awb-bg-size:cover;\"><div class=\"fusion-column-wrapper fusion-flex-column-wrapper-legacy\"><div class=\"fusion-text fusion-text-1\"><i class=\"fb-icon-element-1 fb-icon-element fontawesome-icon fa fa-quote-right circle-no fusion-text-flow\" style=\"--awb-iconcolor:#e88f12;--awb-iconcolor-hover:#e88f12;--awb-font-size:40px;--awb-margin-right:20px;\"><\/i>\n<p style=\"text-align: justify; padding-left: 60px;\">foedus Personaldienste ist Ihr Ansprechpartner f\u00fcr den gewerblich-technischen und kaufm\u00e4nnischen Bereich. Wir bieten Personaldienstleistungen mit h\u00f6chster Qualit\u00e4t in den Bereichen Arbeitnehmer\u00fcberlassung, Vermittlung sowie Werk \u2013 und Dienstleistungsvertr\u00e4ge.<\/p>\n<\/div><div class=\"fusion-clearfix\"><\/div><\/div><\/div><\/div><\/div><div class=\"fusion-fullwidth fullwidth-box fusion-builder-row-2 nonhundred-percent-fullwidth non-hundred-percent-height-scrolling\" style=\"--awb-border-radius-top-left:0px;--awb-border-radius-top-right:0px;--awb-border-radius-bottom-right:0px;--awb-border-radius-bottom-left:0px;--awb-flex-wrap:wrap;\" ><div class=\"fusion-builder-row fusion-row\"><div class=\"fusion-layout-column fusion_builder_column fusion-builder-column-1 fusion_builder_column_1_1 1_1 fusion-one-full fusion-column-first fusion-column-last\" style=\"--awb-bg-size:cover;\"><div class=\"fusion-column-wrapper fusion-flex-column-wrapper-legacy\"><div class=\"fusion-text fusion-text-2\"><h2>Das zeichnet foedus aus:<\/h2>\n<h2>\n<\/div><ul style=\"--awb-size:13px;--awb-iconcolor:#e88f12;--awb-line-height:22.1px;--awb-icon-width:22.1px;--awb-icon-height:22.1px;--awb-icon-margin:9.1px;--awb-content-margin:31.2px;\" class=\"fusion-checklist fusion-checklist-1 fusion-checklist-default type-icons\"><li class=\"fusion-li-item\" style=\"\"><span class=\"icon-wrapper circle-no\"><i class=\"fusion-li-icon fa-circle fas\" aria-hidden=\"true\"><\/i><\/span><div class=\"fusion-li-item-content\"><\/h2>\n<p>Eine Zusammenarbeit von \u201eMensch zu Mensch\u201c. Hilfsbereitschaft, H\u00f6flichkeit und ein zuvorkommender Umgang sind f\u00fcr uns selbstverst\u00e4ndlich.<\/p>\n<\/div><\/li><li class=\"fusion-li-item\" style=\"\"><span class=\"icon-wrapper circle-no\"><i class=\"fusion-li-icon fa-circle fas\" aria-hidden=\"true\"><\/i><\/span><div class=\"fusion-li-item-content\">\n<p>Schnelle und qualifizierte L\u00f6sungen f\u00fcr Ihre personellen Engp\u00e4sse. Sie erhalten umgehend auf Ihre Bed\u00fcrfnisse abgestimmte und fachlich passende MitarbeiterInnenprofile.<\/p>\n<\/div><\/li><li class=\"fusion-li-item\" style=\"\"><span class=\"icon-wrapper circle-no\"><i class=\"fusion-li-icon fa-circle fas\" aria-hidden=\"true\"><\/i><\/span><div class=\"fusion-li-item-content\">\n<p>Wir haben ein \u201eoffenes Ohr\u201c f\u00fcr Ihre W\u00fcnsche und Bed\u00fcrfnisse. Gemeinsam mit Ihnen entwickeln wir optimale L\u00f6sungen.<\/p>\n<\/div><\/li><li class=\"fusion-li-item\" style=\"\"><span class=\"icon-wrapper circle-no\"><i class=\"fusion-li-icon fa-circle fas\" aria-hidden=\"true\"><\/i><\/span><div class=\"fusion-li-item-content\">\n<p>Langj\u00e4hrige und sehr gut ausgebildete DisponentInnen mit gewerblichen bzw. kaufm\u00e4nnischen Hintergrund. Mit mehr als 20 Jahren Erfahrung in der Personaldienstleistung bieten wir Ihnen eine kompetente und ehrliche Beratung.<\/p>\n<\/div><\/li><li class=\"fusion-li-item\" style=\"\"><span class=\"icon-wrapper circle-no\"><i class=\"fusion-li-icon fa-circle fas\" aria-hidden=\"true\"><\/i><\/span><div class=\"fusion-li-item-content\">\n<p>Eine verl\u00e4ssliche Betreuung vor Ort, Begleitung der MitarbeiterInnen zum Einsatz und ein direkter Kontakt, stehen f\u00fcr zufriedene und motivierte MitarbeiterInnen.<\/p>\n<\/div><\/li><li class=\"fusion-li-item\" style=\"\"><span class=\"icon-wrapper circle-no\"><i class=\"fusion-li-icon fa-circle fas\" aria-hidden=\"true\"><\/i><\/span><div class=\"fusion-li-item-content\">\n<p>foedus ist nach AMS und SCP Zertifiziert. Gesundheit, Umweltschutz und Schadenspr\u00e4vention sind bei der Firma foedus Personaldienste GmbH von zentraler Bedeutung. Der Erfolg des Unternehmens h\u00e4ngt von der Motivation, der Sicherheit und der Gesundheit der einzelnen MitarbeiterInnen ab, deshalb besitzen diese Werte in unserem Unternehmen einen hohen Stellenwert<\/p>\n<\/div><\/li><\/ul><div class=\"fusion-clearfix\"><\/div><\/div><\/div><div class=\"fusion-layout-column fusion_builder_column fusion-builder-column-2 fusion_builder_column_1_1 1_1 fusion-one-full fusion-column-first fusion-column-last\" style=\"--awb-bg-size:cover;--awb-margin-bottom:0px;\"><div class=\"fusion-column-wrapper fusion-flex-column-wrapper-legacy\"><div class=\"fusion-text fusion-text-3\"><h3>Unterm Strich:<\/h3>\n<hr style=\"color: #e28317; background-color: #e28317; height: 3px;\" \/>\n<h3>Ihr neuer Personaldienstleister<\/h3>\n<h3>Unsere Ziele:<\/h3>\n<\/div><ul style=\"--awb-size:13px;--awb-iconcolor:#e88f12;--awb-line-height:22.1px;--awb-icon-width:22.1px;--awb-icon-height:22.1px;--awb-icon-margin:9.1px;--awb-content-margin:31.2px;\" class=\"fusion-checklist fusion-checklist-2 fusion-checklist-default type-icons\"><li class=\"fusion-li-item\" style=\"\"><span class=\"icon-wrapper circle-no\"><i class=\"fusion-li-icon fa-circle fas\" aria-hidden=\"true\"><\/i><\/span><div class=\"fusion-li-item-content\">\n<p><strong>foedus<\/strong> ist Ihr Ansprechpartner f\u00fcr den gewerblich-technischen und kaufm\u00e4nnischen Bereich. Wir bieten Personaldienstleistungen mit h\u00f6chster Qualit\u00e4t in den Bereichen Arbeitnehmer\u00fcberlassung, Vermittlung sowie Werk- und Dienstleistungsvertr\u00e4ge.<\/p>\n<\/div><\/li><li class=\"fusion-li-item\" style=\"\"><span class=\"icon-wrapper circle-no\"><i class=\"fusion-li-icon fa-circle fas\" aria-hidden=\"true\"><\/i><\/span><div class=\"fusion-li-item-content\">\n<p>Unsere MitarbeiterInnen sind die Grundlage f\u00fcr eine erfolgreiche Zukunft der <strong>foedus<\/strong>. Fairness, Ehrlichkeit und Respekt gegen\u00fcber unserem Personal ist ebenso wichtig wie die \u201eFreude an der t\u00e4glichen Arbeit\u201c.<\/p>\n<\/div><\/li><li class=\"fusion-li-item\" style=\"\"><span class=\"icon-wrapper circle-no\"><i class=\"fusion-li-icon fa-circle fas\" aria-hidden=\"true\"><\/i><\/span><div class=\"fusion-li-item-content\">\n<p><strong>foedus<\/strong> h\u00e4lt sich an alle Gesetze und tariflichen Vereinbarungen. Seri\u00f6ses kaufm\u00e4nnisches Handeln bestimmt unsere t\u00e4gliche Arbeit und unsere strategischen Entscheidungen.<\/p>\n<\/div><\/li><li class=\"fusion-li-item\" style=\"\"><span class=\"icon-wrapper circle-no\"><i class=\"fusion-li-icon fa-circle fas\" aria-hidden=\"true\"><\/i><\/span><div class=\"fusion-li-item-content\">\n<p><strong>foedus<\/strong> ist immer ein zuverl\u00e4ssiger Partner und verpflichtet sich in seiner t\u00e4glichen Arbeit h\u00f6chstm\u00f6gliche Sicherheit f\u00fcr das Leben und die Gesundheit seiner MitarbeiterInnen zu gew\u00e4hrleisten.<\/p>\n<\/div><\/li><\/ul><div class=\"fusion-clearfix\"><\/div><\/div><\/div><\/div><\/div><\/p>\n","protected":false},"excerpt":{"rendered":"","protected":false},"author":1,"featured_media":5206,"parent":0,"menu_order":0,"comment_status":"open","ping_status":"open","template":"","meta":{"footnotes":""},"class_list":["post-2517","page","type-page","status-publish","has-post-thumbnail","hentry"],"_links":{"self":[{"href":"https:\/\/foedus-personaldienste.de\/index.php\/wp-json\/wp\/v2\/pages\/2517","targetHints":{"allow":["GET"]}}],"collection":[{"href":"https:\/\/foedus-personaldienste.de\/index.php\/wp-json\/wp\/v2\/pages"}],"about":[{"href":"https:\/\/foedus-personaldienste.de\/index.php\/wp-json\/wp\/v2\/types\/page"}],"author":[{"embeddable":true,"href":"https:\/\/foedus-personaldienste.de\/index.php\/wp-json\/wp\/v2\/users\/1"}],"replies":[{"embeddable":true,"href":"https:\/\/foedus-personaldienste.de\/index.php\/wp-json\/wp\/v2\/comments?post=2517"}],"version-history":[{"count":0,"href":"https:\/\/foedus-personaldienste.de\/index.php\/wp-json\/wp\/v2\/pages\/2517\/revisions"}],"wp:featuredmedia":[{"embeddable":true,"href":"https:\/\/foedus-personaldienste.de\/index.php\/wp-json\/wp\/v2\/media\/5206"}],"wp:attachment":[{"href":"https:\/\/foedus-personaldienste.de\/index.php\/wp-json\/wp\/v2\/media?parent=2517"}],"curies":[{"name":"wp","href":"https:\/\/api.w.org\/{rel}","templated":true}]}}